{"id":8636,"date":"2023-03-13T22:04:10","date_gmt":"2023-03-13T21:04:10","guid":{"rendered":"http:\/\/www.tourdepologneamatorow.pl\/wp-content\/uploads\/2023\/03\/foto_OLTR.jpg"},"modified":"2023-03-14T14:17:00","modified_gmt":"2023-03-14T13:17:00","slug":"foto_oltr-2","status":"inherit","type":"attachment","link":"https:\/\/tourdepologneamatorow.pl\/en\/the-great-race-under-the-sign-of-the-orlen-lang-team-race-is-fast-approaching\/foto_oltr-2\/","title":{"rendered":"foto_OLTR"},"author":1,"featured_media":0,"comment_status":"closed","ping_status":"closed","template":"","meta":{"_acf_changed":false},"class_list":["post-8636","attachment","type-attachment","status-inherit","hentry"],"acf":[],"yoast_head":"<!-- This site is optimized with the Yoast SEO plugin v27.5 - https:\/\/yoast.com\/product\/yoast-seo-wordpress\/ -->\n<title>foto_OLTR - Tour de Pologne Amator\u00f3w<\/title>\n<meta name=\"robots\" content=\"index, follow, max-snippet:-1, max-image-preview:large, max-video-preview:-1\" \/>\n<link rel=\"canonical\" href=\"https:\/\/tourdepologneamatorow.pl\/wp-content\/uploads\/2023\/03\/foto_OLTR.jpg\" \/>\n<meta property=\"og:locale\" content=\"en_US\" \/>\n<meta property=\"og:type\" content=\"article\" \/>\n<meta property=\"og:title\" content=\"foto_OLTR - Tour de Pologne Amator\u00f3w\" \/>\n<meta property=\"og:url\" content=\"https:\/\/tourdepologneamatorow.pl\/wp-content\/uploads\/2023\/03\/foto_OLTR.jpg\" \/>\n<meta property=\"og:site_name\" content=\"Tour de Pologne Amator\u00f3w\" \/>\n<meta property=\"article:modified_time\" content=\"2023-03-14T13:17:00+00:00\" \/>\n<meta property=\"og:image\" content=\"https:\/\/tourdepologneamatorow.pl\/wp-content\/uploads\/2023\/03\/foto_OLTR.jpg\" \/>\n\t<meta property=\"og:image:width\" content=\"1280\" \/>\n\t<meta property=\"og:image:height\" content=\"852\" \/>\n\t<meta property=\"og:image:type\" content=\"image\/jpeg\" \/>\n<meta name=\"twitter:card\" content=\"summary_large_image\" \/>\n<script type=\"application\/ld+json\" class=\"yoast-schema-graph\">{\"@context\":\"https:\\\/\\\/schema.org\",\"@graph\":[{\"@type\":\"WebPage\",\"@id\":\"https:\\\/\\\/tourdepologneamatorow.pl\\\/wp-content\\\/uploads\\\/2023\\\/03\\\/foto_OLTR.jpg\",\"url\":\"https:\\\/\\\/tourdepologneamatorow.pl\\\/wp-content\\\/uploads\\\/2023\\\/03\\\/foto_OLTR.jpg\",\"name\":\"foto_OLTR - Tour de Pologne Amator\u00f3w\",\"isPartOf\":{\"@id\":\"https:\\\/\\\/tourdepologneamatorow.pl\\\/#website\"},\"datePublished\":\"2023-03-13T21:04:10+00:00\",\"dateModified\":\"2023-03-14T13:17:00+00:00\",\"breadcrumb\":{\"@id\":\"https:\\\/\\\/tourdepologneamatorow.pl\\\/wp-content\\\/uploads\\\/2023\\\/03\\\/foto_OLTR.jpg#breadcrumb\"},\"inLanguage\":\"en-US\",\"potentialAction\":[{\"@type\":\"ReadAction\",\"target\":[\"https:\\\/\\\/tourdepologneamatorow.pl\\\/wp-content\\\/uploads\\\/2023\\\/03\\\/foto_OLTR.jpg\"]}]},{\"@type\":\"BreadcrumbList\",\"@id\":\"https:\\\/\\\/tourdepologneamatorow.pl\\\/wp-content\\\/uploads\\\/2023\\\/03\\\/foto_OLTR.jpg#breadcrumb\",\"itemListElement\":[{\"@type\":\"ListItem\",\"position\":1,\"name\":\"Strona g\u0142\u00f3wna\",\"item\":\"https:\\\/\\\/tourdepologneamatorow.pl\\\/en\\\/\"},{\"@type\":\"ListItem\",\"position\":2,\"name\":\"The great race under the sign of the ORLEN Lang Team Race is fast approaching!\",\"item\":\"https:\\\/\\\/tourdepologneamatorow.pl\\\/en\\\/the-great-race-under-the-sign-of-the-orlen-lang-team-race-is-fast-approaching\\\/\"},{\"@type\":\"ListItem\",\"position\":3,\"name\":\"foto_OLTR\"}]},{\"@type\":\"WebSite\",\"@id\":\"https:\\\/\\\/tourdepologneamatorow.pl\\\/#website\",\"url\":\"https:\\\/\\\/tourdepologneamatorow.pl\\\/\",\"name\":\"Tour de Pologne Amator\u00f3w\",\"description\":\"Najwi\u0119kszy wy\u015bcig kolarski amator\u00f3w\",\"publisher\":{\"@id\":\"https:\\\/\\\/tourdepologneamatorow.pl\\\/#organization\"},\"potentialAction\":[{\"@type\":\"SearchAction\",\"target\":{\"@type\":\"EntryPoint\",\"urlTemplate\":\"https:\\\/\\\/tourdepologneamatorow.pl\\\/?s={search_term_string}\"},\"query-input\":{\"@type\":\"PropertyValueSpecification\",\"valueRequired\":true,\"valueName\":\"search_term_string\"}}],\"inLanguage\":\"en-US\"},{\"@type\":\"Organization\",\"@id\":\"https:\\\/\\\/tourdepologneamatorow.pl\\\/#organization\",\"name\":\"Tour de Pologne Amator\u00f3w\",\"url\":\"https:\\\/\\\/tourdepologneamatorow.pl\\\/\",\"logo\":{\"@type\":\"ImageObject\",\"inLanguage\":\"en-US\",\"@id\":\"https:\\\/\\\/tourdepologneamatorow.pl\\\/#\\\/schema\\\/logo\\\/image\\\/\",\"url\":\"https:\\\/\\\/tourdepologneamatorow.pl\\\/wp-content\\\/uploads\\\/2023\\\/03\\\/tdpa-2026-logo.png\",\"contentUrl\":\"https:\\\/\\\/tourdepologneamatorow.pl\\\/wp-content\\\/uploads\\\/2023\\\/03\\\/tdpa-2026-logo.png\",\"width\":800,\"height\":184,\"caption\":\"Tour de Pologne Amator\u00f3w\"},\"image\":{\"@id\":\"https:\\\/\\\/tourdepologneamatorow.pl\\\/#\\\/schema\\\/logo\\\/image\\\/\"}}]}<\/script>\n<!-- \/ Yoast SEO plugin. -->","yoast_head_json":{"title":"foto_OLTR - Tour de Pologne Amator\u00f3w","robots":{"index":"index","follow":"follow","max-snippet":"max-snippet:-1","max-image-preview":"max-image-preview:large","max-video-preview":"max-video-preview:-1"},"canonical":"https:\/\/tourdepologneamatorow.pl\/wp-content\/uploads\/2023\/03\/foto_OLTR.jpg","og_locale":"en_US","og_type":"article","og_title":"foto_OLTR - Tour de Pologne Amator\u00f3w","og_url":"https:\/\/tourdepologneamatorow.pl\/wp-content\/uploads\/2023\/03\/foto_OLTR.jpg","og_site_name":"Tour de Pologne Amator\u00f3w","article_modified_time":"2023-03-14T13:17:00+00:00","og_image":[{"width":1280,"height":852,"url":"https:\/\/tourdepologneamatorow.pl\/wp-content\/uploads\/2023\/03\/foto_OLTR.jpg","type":"image\/jpeg"}],"twitter_card":"summary_large_image","schema":{"@context":"https:\/\/schema.org","@graph":[{"@type":"WebPage","@id":"https:\/\/tourdepologneamatorow.pl\/wp-content\/uploads\/2023\/03\/foto_OLTR.jpg","url":"https:\/\/tourdepologneamatorow.pl\/wp-content\/uploads\/2023\/03\/foto_OLTR.jpg","name":"foto_OLTR - Tour de Pologne Amator\u00f3w","isPartOf":{"@id":"https:\/\/tourdepologneamatorow.pl\/#website"},"datePublished":"2023-03-13T21:04:10+00:00","dateModified":"2023-03-14T13:17:00+00:00","breadcrumb":{"@id":"https:\/\/tourdepologneamatorow.pl\/wp-content\/uploads\/2023\/03\/foto_OLTR.jpg#breadcrumb"},"inLanguage":"en-US","potentialAction":[{"@type":"ReadAction","target":["https:\/\/tourdepologneamatorow.pl\/wp-content\/uploads\/2023\/03\/foto_OLTR.jpg"]}]},{"@type":"BreadcrumbList","@id":"https:\/\/tourdepologneamatorow.pl\/wp-content\/uploads\/2023\/03\/foto_OLTR.jpg#breadcrumb","itemListElement":[{"@type":"ListItem","position":1,"name":"Strona g\u0142\u00f3wna","item":"https:\/\/tourdepologneamatorow.pl\/en\/"},{"@type":"ListItem","position":2,"name":"The great race under the sign of the ORLEN Lang Team Race is fast approaching!","item":"https:\/\/tourdepologneamatorow.pl\/en\/the-great-race-under-the-sign-of-the-orlen-lang-team-race-is-fast-approaching\/"},{"@type":"ListItem","position":3,"name":"foto_OLTR"}]},{"@type":"WebSite","@id":"https:\/\/tourdepologneamatorow.pl\/#website","url":"https:\/\/tourdepologneamatorow.pl\/","name":"Tour de Pologne Amator\u00f3w","description":"Najwi\u0119kszy wy\u015bcig kolarski amator\u00f3w","publisher":{"@id":"https:\/\/tourdepologneamatorow.pl\/#organization"},"potentialAction":[{"@type":"SearchAction","target":{"@type":"EntryPoint","urlTemplate":"https:\/\/tourdepologneamatorow.pl\/?s={search_term_string}"},"query-input":{"@type":"PropertyValueSpecification","valueRequired":true,"valueName":"search_term_string"}}],"inLanguage":"en-US"},{"@type":"Organization","@id":"https:\/\/tourdepologneamatorow.pl\/#organization","name":"Tour de Pologne Amator\u00f3w","url":"https:\/\/tourdepologneamatorow.pl\/","logo":{"@type":"ImageObject","inLanguage":"en-US","@id":"https:\/\/tourdepologneamatorow.pl\/#\/schema\/logo\/image\/","url":"https:\/\/tourdepologneamatorow.pl\/wp-content\/uploads\/2023\/03\/tdpa-2026-logo.png","contentUrl":"https:\/\/tourdepologneamatorow.pl\/wp-content\/uploads\/2023\/03\/tdpa-2026-logo.png","width":800,"height":184,"caption":"Tour de Pologne Amator\u00f3w"},"image":{"@id":"https:\/\/tourdepologneamatorow.pl\/#\/schema\/logo\/image\/"}}]}},"description":{"rendered":"<p class=\"attachment\"><a href='https:\/\/tourdepologneamatorow.pl\/wp-content\/uploads\/2023\/03\/foto_OLTR.jpg'><img fetchpriority=\"high\" decoding=\"async\" width=\"300\" height=\"200\" src=\"https:\/\/tourdepologneamatorow.pl\/wp-content\/uploads\/2023\/03\/foto_OLTR-300x200.jpg\" class=\"attachment-medium size-medium\" alt=\"\" srcset=\"https:\/\/tourdepologneamatorow.pl\/wp-content\/uploads\/2023\/03\/foto_OLTR-300x200.jpg 300w, https:\/\/tourdepologneamatorow.pl\/wp-content\/uploads\/2023\/03\/foto_OLTR-1024x682.jpg 1024w, https:\/\/tourdepologneamatorow.pl\/wp-content\/uploads\/2023\/03\/foto_OLTR-768x511.jpg 768w, https:\/\/tourdepologneamatorow.pl\/wp-content\/uploads\/2023\/03\/foto_OLTR.jpg 1280w\" sizes=\"(max-width: 300px) 100vw, 300px\" \/><\/a><\/p>\n"},"caption":{"rendered":""},"alt_text":"","media_type":"image","mime_type":"image\/jpeg","media_details":{"width":1280,"height":852,"file":"2023\/03\/foto_OLTR.jpg","filesize":305917,"sizes":{"medium":{"file":"foto_OLTR-300x200.jpg","width":300,"height":200,"filesize":26005,"mime_type":"image\/jpeg","source_url":"https:\/\/tourdepologneamatorow.pl\/wp-content\/uploads\/2023\/03\/foto_OLTR-300x200.jpg"},"large":{"file":"foto_OLTR-1024x682.jpg","width":1024,"height":682,"filesize":154801,"mime_type":"image\/jpeg","source_url":"https:\/\/tourdepologneamatorow.pl\/wp-content\/uploads\/2023\/03\/foto_OLTR-1024x682.jpg"},"thumbnail":{"file":"foto_OLTR-150x150.jpg","width":150,"height":150,"filesize":13717,"mime_type":"image\/jpeg","source_url":"https:\/\/tourdepologneamatorow.pl\/wp-content\/uploads\/2023\/03\/foto_OLTR-150x150.jpg"},"medium_large":{"file":"foto_OLTR-768x511.jpg","width":768,"height":511,"filesize":101412,"mime_type":"image\/jpeg","source_url":"https:\/\/tourdepologneamatorow.pl\/wp-content\/uploads\/2023\/03\/foto_OLTR-768x511.jpg"},"full":{"file":"foto_OLTR.jpg","width":1280,"height":852,"mime_type":"image\/jpeg","source_url":"https:\/\/tourdepologneamatorow.pl\/wp-content\/uploads\/2023\/03\/foto_OLTR.jpg"}},"image_meta":{"aperture":"0","credit":"","camera":"","caption":"","created_timestamp":"0","copyright":"Szymon_Gruchalski","focal_length":"0","iso":"0","shutter_speed":"0","title":"","orientation":"0","keywords":[]}},"post":8692,"source_url":"https:\/\/tourdepologneamatorow.pl\/wp-content\/uploads\/2023\/03\/foto_OLTR.jpg","_links":{"self":[{"href":"https:\/\/tourdepologneamatorow.pl\/en\/wp-json\/wp\/v2\/media\/8636","targetHints":{"allow":["GET"]}}],"collection":[{"href":"https:\/\/tourdepologneamatorow.pl\/en\/wp-json\/wp\/v2\/media"}],"about":[{"href":"https:\/\/tourdepologneamatorow.pl\/en\/wp-json\/wp\/v2\/types\/attachment"}],"author":[{"embeddable":true,"href":"https:\/\/tourdepologneamatorow.pl\/en\/wp-json\/wp\/v2\/users\/1"}],"replies":[{"embeddable":true,"href":"https:\/\/tourdepologneamatorow.pl\/en\/wp-json\/wp\/v2\/comments?post=8636"}],"wp:attached-to":[{"embeddable":true,"post_type":"post","id":8692,"href":"https:\/\/tourdepologneamatorow.pl\/en\/wp-json\/wp\/v2\/posts\/8692"}],"curies":[{"name":"wp","href":"https:\/\/api.w.org\/{rel}","templated":true}]}}

<!-- This site is optimized with the Yoast SEO plugin v27.5 - https://yoast.com/product/yoast-seo-wordpress/ -->
<title>foto_OLTR - Tour de Pologne Amatorów</title>
<meta name="robots" content="index, follow, max-snippet:-1, max-image-preview:large, max-video-preview:-1" />
<link rel="canonical" href="https://tourdepologneamatorow.pl/wp-content/uploads/2023/03/foto_OLTR.jpg" />
<meta property="og:locale" content="en_US" />
<meta property="og:type" content="article" />
<meta property="og:title" content="foto_OLTR - Tour de Pologne Amatorów" />
<meta property="og:url" content="https://tourdepologneamatorow.pl/wp-content/uploads/2023/03/foto_OLTR.jpg" />
<meta property="og:site_name" content="Tour de Pologne Amatorów" />
<meta property="article:modified_time" content="2023-03-14T13:17:00+00:00" />
<meta property="og:image" content="https://tourdepologneamatorow.pl/wp-content/uploads/2023/03/foto_OLTR.jpg" />
	<meta property="og:image:width" content="1280" />
	<meta property="og:image:height" content="852" />
	<meta property="og:image:type" content="image/jpeg" />
<meta name="twitter:card" content="summary_large_image" />
<script type="application/ld+json" class="yoast-schema-graph">{"@context":"https:\/\/schema.org","@graph":[{"@type":"WebPage","@id":"https:\/\/tourdepologneamatorow.pl\/wp-content\/uploads\/2023\/03\/foto_OLTR.jpg","url":"https:\/\/tourdepologneamatorow.pl\/wp-content\/uploads\/2023\/03\/foto_OLTR.jpg","name":"foto_OLTR - Tour de Pologne Amatorów","isPartOf":{"@id":"https:\/\/tourdepologneamatorow.pl\/#website"},"datePublished":"2023-03-13T21:04:10+00:00","dateModified":"2023-03-14T13:17:00+00:00","breadcrumb":{"@id":"https:\/\/tourdepologneamatorow.pl\/wp-content\/uploads\/2023\/03\/foto_OLTR.jpg#breadcrumb"},"inLanguage":"en-US","potentialAction":[{"@type":"ReadAction","target":["https:\/\/tourdepologneamatorow.pl\/wp-content\/uploads\/2023\/03\/foto_OLTR.jpg"]}]},{"@type":"BreadcrumbList","@id":"https:\/\/tourdepologneamatorow.pl\/wp-content\/uploads\/2023\/03\/foto_OLTR.jpg#breadcrumb","itemListElement":[{"@type":"ListItem","position":1,"name":"Strona główna","item":"https:\/\/tourdepologneamatorow.pl\/en\/"},{"@type":"ListItem","position":2,"name":"The great race under the sign of the ORLEN Lang Team Race is fast approaching!","item":"https:\/\/tourdepologneamatorow.pl\/en\/the-great-race-under-the-sign-of-the-orlen-lang-team-race-is-fast-approaching\/"},{"@type":"ListItem","position":3,"name":"foto_OLTR"}]},{"@type":"WebSite","@id":"https:\/\/tourdepologneamatorow.pl\/#website","url":"https:\/\/tourdepologneamatorow.pl\/","name":"Tour de Pologne Amatorów","description":"Największy wyścig kolarski amatorów","publisher":{"@id":"https:\/\/tourdepologneamatorow.pl\/#organization"},"potentialAction":[{"@type":"SearchAction","target":{"@type":"EntryPoint","urlTemplate":"https:\/\/tourdepologneamatorow.pl\/?s={search_term_string}"},"query-input":{"@type":"PropertyValueSpecification","valueRequired":true,"valueName":"search_term_string"}}],"inLanguage":"en-US"},{"@type":"Organization","@id":"https:\/\/tourdepologneamatorow.pl\/#organization","name":"Tour de Pologne Amatorów","url":"https:\/\/tourdepologneamatorow.pl\/","logo":{"@type":"ImageObject","inLanguage":"en-US","@id":"https:\/\/tourdepologneamatorow.pl\/#\/schema\/logo\/image\/","url":"https:\/\/tourdepologneamatorow.pl\/wp-content\/uploads\/2023\/03\/tdpa-2026-logo.png","contentUrl":"https:\/\/tourdepologneamatorow.pl\/wp-content\/uploads\/2023\/03\/tdpa-2026-logo.png","width":800,"height":184,"caption":"Tour de Pologne Amatorów"},"image":{"@id":"https:\/\/tourdepologneamatorow.pl\/#\/schema\/logo\/image\/"}}]}</script>
<!-- / Yoast SEO plugin. -->

foto_OLTR - Tour de Pologne Amatorów

Tour de Pologne Amatorów

Strona główna

Największy wyścig kolarski amatorów
